to base 4.
-132
2c (base 15) to base 8
52
What is 28 (base 13) in base 7?
46
Convert c3 (base 16) to base 3.
21020
What is -8 (base 13) in base 11?
-8
Convert 33 (base 5) to base 12.
16
-1 (base 14) to base 11
-1
Convert 0 (base 5) to base 10.
0
2 (base 11) to base 6
2
What is -3 (base 5) in base 7?
-3
What is 3 (base 10) in base 2?
11
What is 10 (base 2) in base 7?
2
What is 4 (base 5) in base 8?
4
What is 1 (base 5) in base 16?
1
What is -33 (base 5) in base 3?
-200
-1 (base 5) to base 9
-1
What is 57 (base 12) in base 7?
124
-122 (base 11) to base 7
-265
Convert -3 (base 6) to base 9.
-3
Convert -43 (base 9) to base 6.
-103
Convert -111201 (base 3) to base 6.
-1414
What is -3 (base 7) in base 15?
-3
5 (base 15) to base 3
12
Convert d (base 14) to base 4.
31
What is -36 (base 7) in base 3?
-1000
1212 (base 3) to base 10
50
Convert 18 (base 13) to base 2.
10101
Convert 3 (base 8) to base 15.
3
Convert 4 (base 8) to base 10.
4
-24 (base 14) to base 3
-1012
Convert 0 (base 12) to base 10.
0
Convert -11001 (base 2) to base 7.
-34
-3300 (base 4) to base 16
-f0
10 (base 2) to base 4
2
-18 (base 14) to base 7
-31
Convert -14 (base 13) to base 9.
-18
Convert 262 (base 9) to base 8.
332
What is 1 (base 16) in base 9?
1
Convert 0 (base 3) to base 7.
0
What is -32 (base 16) in base 5?
-200
21 (base 8) to base 5
32
Convert 2 (base 6) to base 3.
2
10010 (base 2) to base 10
18
c (base 13) to base 3
110
What is 24 (base 5) in base 8?
16
What is -11 (base 7) in base 16?
-8
What is -1 (base 3) in base 15?
-1
9 (base 12) to base 3
100
2 (base 8) to base 11
2
Convert -3 (base 14) to base 2.
-11
What is -67 (base 14) in base 3?
-10101
21 (base 5) to base 9
12
Convert 4 (base 14) to base 2.
100
What is 22 (base 11) in base 14?
1a
What is b (base 14) in base 8?
13
Convert -122 (base 4) to base 16.
-1a
-2 (base 4) to base 14
-2
16 (base 14) to base 13
17
Convert -2a (base 12) to base 8.
-42
Convert -1 (base 9) to base 6.
-1
What is 5d (base 15) in base 8?
130
What is -123 (base 6) in base 14?
-39
What is 150 (base 14) in base 10?
266
Convert -2 (base 11) to base 16.
-2
What is 9 (base 15) in base 8?
11
What is 10210 (base 3) in base 6?
250
Convert 59 (base 10) to base 9.
65
What is -3 (base 11) in base 8?
-3
Convert -1 (base 14) to base 11.
-1
-32 (base 12) to base 8
-46
Convert 2 (base 9) to base 11.
2
10 (base 3) to base 8
3
Convert -65 (base 16) to base 8.
-145
Convert 11020 (base 3) to base 6.
310
Convert 10311 (base 4) to base 5.
2214
What is -1 (base 10) in base 2?
-1
-231 (base 5) to base 4
-1002
-3 (base 10) to base 16
-3
Convert 18 (base 9) to base 8.
21
Convert 0 (base 15) to base 6.
0
0 (base 15) to base 11
0
What is 6 (base 13) in base 15?
6
Convert 2 (base 11) to base 12.
2
What is 1c (base 14) in base 3?
222
Convert -26 (base 13) to base 7.
-44
Convert 5 (base 8) to base 12.
5
Convert -18 (base 12) to base 16.
-14
Convert 65 (base 7) to base 15.
32
-12 (base 7) to base 10
-9
Convert -10 (base 8) to base 6.
-12
What is 11 (base 5) in base 2?
110
Convert 1 (base 10) to base 16.
1
Convert -3 (base 9) to base 13.
-3
-13 (base 10) to base 8
-15
What is 0 (base 6) in base 4?
0
12100 (base 3) to base 16
90
-1 (base 7) to base 4
-1
-2 (base 5) to base 12
-2
What is 100 (base 3) in base 11?
9
4 (base 15) to base 13
4
Convert -ae (base 16) to base 9.
-213
-11 (base 9) to base 8
-12
Convert 1202 (base 4) to base 3.
10122
What is -7 (base 9) in base 15?
-7
-22 (base 5) to base 16
-c
What is 3 (base 16) in base 7?
3
Convert -5 (base 9) to base 13.
-5
Convert 100 (base 3) to base 14.
9
Convert 66 (base 12) to base 11.
71
Convert -2 (base 10) to base 3.
-2
2 (base 7) to base 5
2
What is -1011 (base 3) in base 12?
-27
Convert 432 (base 6) to base 15.
ae
-3 (base 4) to base 9
-3
What is -3 (base 5) in base 12?
-3
Convert 13 (base 14) to base 9.
18
What is -3 (base 15) in base 11?
-3
What is 23 (base 4) in base 15?
b
Convert 3 (base 9) to base 4.
3
-4 (base 9) to base 10
-4
What is -8 (base 16) in base 15?
-8
243 (base 5) to base 8
111
11c (base 16) to base 6
1152
What is 5 (base 10) in base 13?
5
Convert 14 (base 9) to base 8.
15
Convert -250 (base 7) to base 10.
-133
Convert 1010 (base 3) to base 13.
24
Convert -1 (base 16) to base 3.
-1
What is 1 (base 11) in base 13?
1
What is -6 (base 7) in base 8?
-6
Convert -212 (base 4) to base 14.
-2a
Convert 5 (base 12) to base 9.
5
119 (base 14) to base 6
1003
What is 11 (base 9) in base 13?
a
What is 14 (base 16) in base 7?
26
Convert 11 (base 6) to base 2.
111
-2 (base 4) to base 14
-2
10 (base 12) to base 11
11
What is -21 (base 15) in base 9?
-34
82 (base 11) to base 9
110
Convert -3 (base 5) to base 6.
-3
1003 (base 5) to base 13
9b
What is 23 (base 5) in base 8?
15
What is 44 (base 7) in base 13?
26
What is a (base 12) in base 8?
12
1 (base 10) to base 8
1
What is -24 (base 5) in base 2?
-1110
Convert 95 (base 11) to base 12.
88
What is -511 (base 6) in base 2?
-10111011
What is -5 (base 9) in base 6?
-5
4 (base 16) to base 11
4
What is -3 (base 15) in base 13?
-3
Convert 9 (base 16) to base 13.
9
Convert 5 (base 9) to base 7.
5
What is -123 (base 4) in base 12?
-23
30 (base 8) to base 10
24
Convert -220 (base 3) to base 14.
-1a
3 (base 6) to base 2
11
What is -42 (base 8) in base 6?
-54
Convert -9 (base 14) to base 16.
-9
-31 (base 4) to base 2
-1101
What is 32a (base 11) in base 3?
112122
What is 223 (base 4) in base 16?
2b
Convert 101 (base 3) to base 12.
a
What is 62 (base 14) in base 10?
86
Convert 3 (base 9) to base 4.
3
-14 (base 9) to base 16
-d
-128 (base 9) to base 14
-79
88 (base 13) to base 11
a2
What is -14 (base 8) in base 10?
-12
What is -2 (base 6) in base 4?
-2
6 (base 9) to base 6
10
What is 5 (base 8) in base 11?
5
Convert -100 (base 2) to base 4.
-10
What is 12 (base 4) in base 6?
10
-20 (base 16) to base 5
-112
-1b (base 12) to base 2
-10111
What is 21 (base 4) in base 6?
13
-40 (base 13) to base 9
-57
Convert -15 (base 8) to base 14.
-d
11 (base 15) to base 3
121
cb (base 13) to base 16
a7
What is 11110 (base 2) in base 13?
24
3a (base 12) to base 6
114
What is 3 (base 5) in base 11?
3
Convert 0 (base 9) to base 3.
0
Convert -95 (base 10) to base 9.
-115
Convert -26 (base 13) to base 3.
-1012
15 (base 9) to base 6
22
What is 2 (base 6) in base 3?
2
What is -3 (base 13) in base 5?
-3
-1 (base 6) to base 14
-1
What is -96 (base 16) in base 8?
-226
36 (base 8) to base 4
132
Convert 14 (base 7) to base 14.
b
Convert -120 (base 3) to base 4.
-33
What is -6 (base 15) in base 7?
-6
Convert -42 (base 9) to base 12.
-32
Convert 12 (base 9) to base 15.
b
-4 (base 8) to base 5
-4
What is -30 (base 16) in base 8?
-60
43 (base 7) to base 4
133
Convert -3 (base 4) to base 2.
-11
Convert -2 (base 6) to base 16.
-2
What is -42 (base 9) in base 6?
-102
71 (base 9) to base 2
1000000
What is -3 (base 16) in base 5?
-3
What is -25 (base 8) in base 2?
-10101
Convert 0 (base 7) to base 3.
0
What is -ab (base 16) in base 7?
-333
Convert -2 (base 7) to base 4.
-2
6 (base 12) to base 10
6
Convert 4 (base 7) to base 12.
4
Convert -1 (base 3) to base 4.
-1
7 (base 11) to base 7
10
What is 22 (base 5) in base 13?
c
Convert 1 (base 10) to base 3.
1
Convert 82 (base 11) to base 12.
76
What is -52 (base 6) in base 8?
-40
What is -4 (base 8) in base 16?
-4
Convert -5 (base 7) to base 14.
-5
-103 (base 5) to base 3
-1001
Convert 16 (base 8) to base 6.
22
Convert 25 (base 6) to base 5.
32
10100110 (base 2) to base 4
2212
What is 11 (base 14) in base 6?
23
-e (base 15) to base 14
-10
Convert 121 (base 3) to base 9.
17
What is 45 (base 8) in base 5?
122
What is 2 (base 14) in base 8?
2
24 (base 7) to base 4
102
Convert 106 (base 9) to base 14.
63
What is -1 (base 7) in base 14?
-1
-11 (base 2) to base 14
-3
4 (base 8) to base 6
4
What is -2 (base 9) in base 2?
-10
59 (base 15) to base 9
103
What is 1 (base 12) in base 16?
1
What is -9 (base 13) in base 16?
-9
Convert -5 (base 15) to base 9.
-5
1100 (base 2) to base 3
110
Convert -10120 (base 4) to base 5.
-2110
Convert -321 (base 4) to base 12.
-49
-1 (base 16) to base 10
-1
1011 (base 2) to base 8
13
Convert -31 (base 12) to base 8.
-45
What is -12 (base 10) in base 15?
-c
Convert -1 (base 13) to base 15.
-1
What is -3 (base 15) in base 2?
-11
What is 1011001 (base 2) in base